r of 86610 and 7290.
30
Calculate the highest common factor of 5513 and 84781.
149
What is the highest common divisor of 41025 and 4575?
75
What is the highest common divisor of 42810 and 10?
10
What is the greatest common factor of 49 and 733?
1
What is the highest common factor of 309 and 93?
3
Calculate the highest common factor of 103351 and 15023.
181
Calculate the greatest common divisor of 23 and 97902.
1
What is the greatest common factor of 2711186 and 76?
38
What is the greatest common factor of 288 and 3924?
36
Calculate the highest common factor of 72 and 160884.
36
What is the greatest common divisor of 1 and 4780?
1
Calculate the greatest common divisor of 5595 and 243569.
373
Calculate the greatest common divisor of 12 and 2824158.
6
Calculate the highest common factor of 498 and 786.
6
Calculate the highest common factor of 27 and 389313.
27
What is the highest common factor of 2649457 and 5493?
1831
Calculate the greatest common divisor of 9975 and 125475.
525
What is the greatest common factor of 27069 and 126?
21
Calculate the highest common divisor of 432 and 1164.
12
Calculate the highest common divisor of 33584 and 16.
16
Calculate the highest common divisor of 46259 and 8587.
277
What is the greatest common divisor of 13416 and 18824?
104
Calculate the greatest common factor of 100 and 191200.
100
What is the greatest common divisor of 186274 and 44?
22
What is the greatest common divisor of 142596 and 62211?
699
Calculate the highest common divisor of 1221 and 1848.
33
Calculate the highest common divisor of 1003 and 47023.
59
Calculate the highest common divisor of 63160 and 380.
20
Calculate the highest common divisor of 231 and 2636095.
77
What is the greatest common divisor of 27 and 282519?
9
Calculate the greatest common factor of 8 and 675256.
8
Calculate the highest common factor of 4292400 and 49.
49
What is the highest common divisor of 117396 and 12?
12
Calculate the greatest common divisor of 5555 and 80.
5
What is the highest common factor of 20 and 94876?
4
What is the greatest common factor of 75349 and 9060?
151
What is the greatest common factor of 46 and 18?
2
What is the highest common divisor of 220 and 2588?
4
Calculate the greatest common divisor of 36 and 307332.
36
What is the greatest common divisor of 71275 and 100?
25
What is the greatest common factor of 146 and 67817?
73
What is the greatest common factor of 225 and 941775?
75
Calculate the highest common divisor of 214540 and 510.
170
What is the highest common factor of 57 and 5567?
19
What is the highest common factor of 72 and 222039?
9
Calculate the highest common factor of 244 and 318725.
61
What is the highest common factor of 54612 and 144?
36
What is the greatest common factor of 1800 and 6975?
225
What is the greatest common divisor of 7125 and 221160?
285
Calculate the highest common divisor of 30855 and 18095.
55
What is the highest common factor of 18214 and 1421?
7
Calculate the highest common factor of 1623 and 283484.
541
What is the greatest common divisor of 110000 and 528?
176
Calculate the greatest common divisor of 16199406 and 621.
621
What is the highest common divisor of 11 and 95?
1
Calculate the highest common factor of 114742 and 206.
206
What is the greatest common factor of 133 and 631883?
133
Calculate the greatest common factor of 466516 and 1569.
523
Calculate the highest common divisor of 201300 and 2562.
366
Calculate the highest common factor of 214654 and 2178.
242
What is the greatest common factor of 468 and 14599?
13
Calculate the greatest common divisor of 423 and 238995.
423
What is the greatest common factor of 576 and 63522?
18
What is the greatest common factor of 2356 and 1488?
124
Calculate the highest common divisor of 312 and 85176.
312
Calculate the greatest common divisor of 38844 and 3320.
332
What is the greatest common factor of 1575 and 44775?
225
What is the highest common factor of 6563 and 271?
1
Calculate the greatest common divisor of 38680 and 225311.
967
What is the greatest common factor of 32 and 20465216?
32
What is the greatest common divisor of 66546 and 5418?
18
Calculate the greatest common factor of 1273 and 4674.
19
What is the highest common divisor of 7479 and 378?
27
What is the greatest common factor of 900 and 34875?
225
Calculate the greatest common factor of 4453 and 73.
73
What is the greatest common divisor of 3000 and 248?
8
Calculate the greatest common factor of 472505 and 10285.
605
Calculate the highest common divisor of 2848 and 503028.
356
Calculate the greatest common factor of 225 and 88065.
45
What is the greatest common factor of 40950 and 294?
42
Calculate the greatest common divisor of 312 and 253552.
104
Calculate the highest common factor of 4140 and 12880.
460
Calculate the highest common divisor of 2075294 and 494.
494
What is the greatest common factor of 164013 and 2?
1
Calculate the greatest common divisor of 14868 and 90.
18
Calculate the highest common factor of 42 and 1134126.
42
Calculate the highest common factor of 13062 and 3738.
42
Calculate the greatest common factor of 57 and 606.
3
Calculate the highest common divisor of 50 and 172920.
10
What is the highest common factor of 7020 and 984?
12
Calculate the highest common factor of 48 and 102288.
48
What is the highest common factor of 248 and 1760?
8
Calculate the highest common divisor of 5236 and 66.
22
What is the greatest common factor of 105 and 136815?
105
What is the greatest common divisor of 150 and 17950?
50
Calculate the highest common divisor of 36 and 2076.
12
Calculate the greatest common divisor of 218945 and 115.
5
Calculate the highest common divisor of 197078 and 49.
49
What is the highest common factor of 1537 and 5597?
29
What is the greatest common factor of 7 and 234829?
7
What is the highest common factor of 41 and 105657?
41
What is the highest common factor of 4510 and 70110?
410
Calculate the highest common divisor of 65561 and 63087.
1237
Calculate the highest common divisor of 511951 and 484.
121
What is the greatest common divisor of 22690 and 160?
10
Calculate the greatest common divisor of 27166 and 119.
17
Calculate the greatest common divisor of 1800 and 55080.
360
What is the highest common factor of 27629 and 28?
7
What is the greatest common divisor of 208613 and 14704?
919
Calculate the highest common divisor of 346 and 5754326.
346
What is the greatest common divisor of 551 and 1767?
19
Calculate the greatest common factor of 435386 and 4994.
454
What is the highest common factor of 256 and 12832?
32
Calculate the highest common factor of 204 and 11577.
51
What is the highest common divisor of 11 and 52789?
11
Calculate the highest common divisor of 333 and 120509.
37
What is the highest common divisor of 459 and 20385?
27
What is the highest common divisor of 1182 and 16351?
197
What is the highest common divisor of 100 and 60440?
20
What is the highest common factor of 351945 and 2370?
1185
What is the greatest common factor of 656 and 15536?
16
What is the highest common factor of 59641 and 7353?
817
Calculate the greatest common divisor of 3396 and 204.
12
What is the highest common factor of 1225425 and 75?
75
Calculate the greatest common divisor of 3135034 and 7.
7
Calculate the highest common factor of 3743908 and 28.
28
Calculate the greatest common divisor of 1573 and 715.
143
Calculate the greatest common divisor of 14658 and 2730.
42
What is the highest common divisor of 507420 and 120?
60
Calculate the greatest common factor of 27 and 400437.
27
Calculate the highest common factor of 44 and 29447.
11
Calculate the highest common divisor of 48 and 47661.
3
Calculate the greatest common factor of 9240 and 2205.
105
What is the highest common divisor of 54525 and 325?
25
Calculate the highest common divisor of 507 and 1131286.
169
Calculate the highest common divisor of 2004 and 4.
4
Calculate the highest common divisor of 11944 and 72.
8
What is the highest common factor of 10752 and 15456?
672
Calculate the highest common factor of 88 and 32736.
88
Calculate the greatest common divisor of 16685 and 2115.
235
Calculate the greatest common divisor of 10 and 179030.
10
What is the greatest common factor of 218687 and 210?
7
Calculate